{"id":10,"date":"2017-03-20T19:39:22","date_gmt":"2017-03-20T19:39:22","guid":{"rendered":"http:\/\/cms.eas.ualberta.ca\/acupp\/?page_id=10"},"modified":"2024-06-17T13:08:09","modified_gmt":"2024-06-17T20:08:09","slug":"members","status":"publish","type":"page","link":"https:\/\/cms.eas.ualberta.ca\/acupp\/members\/","title":{"rendered":"Members"},"content":{"rendered":"<p>This page provides information about university planning programs. For specific information about accredited programs, please refer to the <a href=\"http:\/\/www.psb-planningcanada.ca\/CERTIFICATION\/accreditedplanningprograms.php\">Professional Standards Board (PSB)<\/a>.<\/p>\n<h5>University of Alberta<\/h5>\n<p>Department of Earth and Atmospheric Sciences<br \/>\n1-26 Earth Sciences Building<br \/>\nUniversity of Alberta<br \/>\nEdmonton, Alberta<\/p>\n<p>Robert Summers, Director<br \/>\nEmail (Director):\u00a0<a href=\"mailto:robert.summers@ualberta.ca\">robert.summers@ualberta.ca<\/a><\/p>\n<p>Program telephone: 780-492-3265<br \/>\nFax: 780-492-2030<br \/>\nEmail:\u00a0<a href=\"mailto:eas.planning@ualberta.ca\">eas.planning@ualberta.ca<\/a><br \/>\nWebsite:\u00a0<a href=\"https:\/\/www.ualberta.ca\/earth-sciences\/urban-regional-planning\/index.html\">https:\/\/www.ualberta.ca\/earth-sciences\/urban-regional-planning\/<\/a><\/p>\n<ul>\n<li>B.A. (Planning) (2012-)<\/li>\n<li>B.Sc. Specialization (Planning) (2012-)<\/li>\n<li>M.Sc. in Urban and Regional Planning (2017 -)<\/li>\n<\/ul>\n<hr \/>\n<h5>University of British Columbia<\/h5>\n<p>School of Community and Regional Planning<br \/>\n433, 6333 Memorial Road<br \/>\nVancouver BC V6T 1Z2<\/p>\n<p>Heather Campbell, Director<br \/>\nEmail:\u00a0<a href=\"mailto:heather.campbell@ubc.ca\">heather.campbell@ubc.ca <\/a><br \/>\nTel: 604-827-2342<\/p>\n<p>Program telephone: 604-822-3276<br \/>\nFax: 604-822-3787<br \/>\nEmail Masters:\u00a0<a href=\"mailto:grad.scarp@ubc.ca\">grad.scarp@ubc.ca<\/a><br \/>\nEmail PhD:\u00a0<a href=\"mailto:grad.scarp@ubc.ca\">grad.scarp@ubc.ca<\/a><br \/>\nWebsite:\u00a0<a href=\"http:\/\/www.scarp.ubc.ca\/\">http:\/\/www.scarp.ubc.ca<\/a><\/p>\n<ul>\n<li>M.A. (Planning) (1952-2017) Revamped degree (2017-)<\/li>\n<li>M.Sc. (Planning) (1952-2017) Revamped degree (2017-)<\/li>\n<li>MCRP\u00a0(Community and Regional Planning) (2015-)<\/li>\n<li>MEL URSY (Engineering Leadership in Urban Systems) (2016-)<\/li>\n<li>Ph.D. (Planning) (1973-)<\/li>\n<\/ul>\n<hr \/>\n<h5>University of Calgary<\/h5>\n<p>School of Architecture, Planning and Landscape<br \/>\n2500 University Drive NW<br \/>\nProfessional Faculties Building, PF 2182<br \/>\nCalgary, AB\u00a0T2N 1N4<\/p>\n<p>Enrica Dall&#8217;Ara<br \/>\nAssociate Dean, Planning and Landscape Architecture<br \/>\nEmail: <a href=\"mailto:enrica.dallara@ucalgary.ca\">enrica.dallara@ucalgary.ca<\/a><\/p>\n<p>Program telephone: 403-220-7591<br \/>\nFax: 403-284-4399<br \/>\nAdmission information: 403-220-5098<br \/>\nEmail: <a href=\"mailto:info@sapl.ucalgary.ca\">info@sapl.ucalgary.ca<\/a><br \/>\nWebsite:\u00a0<a href=\"https:\/\/sapl.ucalgary.ca\/future-students\/graduate\/master-planning-mplan\">http:\/\/evds.ucalgary.ca\/content\/master-planning-mplan<\/a><\/p>\n<ul>\n<li>Master of Environmental Design (Planning) (1976-2008)<\/li>\n<li>Master of Planning (2012-)<\/li>\n<li>PhD Environmental Design (1998-)<\/li>\n<\/ul>\n<hr \/>\n<h5>Dalhousie University<\/h5>\n<p>School of Planning<br \/>\nP.O. Box 15000<br \/>\nHalifax NS B3H 4R2<\/p>\n<p>Ahsan Habib, Director<br \/>\nEmail: <a href=\"mailto:plan.office@dal.ca\">plan.office@dal.ca<\/a> OR <a href=\"mailto:ahsan.habib@dal.ca\">ahsan.habib@dal.ca<\/a><br \/>\nDirector telephone: 902-494-3209<\/p>\n<p>Program telephone: 902-494-3260<br \/>\nFax: 902-423-6672<br \/>\nWebsite:\u00a0<a href=\"http:\/\/www.dal.ca\/planning\">www.dal.ca\/planning<\/a><\/p>\n<ul>\n<li>Master of Urban and Rural Planning (1981-2005)<\/li>\n<li>Master of Planning<\/li>\n<li>Bachelor of Community Design (Honours in Environmental Planning or in Urban Design Planning) (Honours) Major in Environmental Planning or Urban Design and Planning or Combined Major in Sustainability and Environmental Planning or Sustainability and Urban Design and Planning<\/li>\n<\/ul>\n<hr \/>\n<h5>University of Guelph<\/h5>\n<p>Rural Planning &amp; Development Program<br \/>\nSchool of Environmental Design and Rural Development<br \/>\nLandscape Architecture Building<br \/>\nGuelph ON N1G 2W1<\/p>\n<p>Nicolas Brunet, RPD Graduate Coordinator<br \/>\nEmail: <a href=\"mailto:nicolas.brunet@uoguelph.ca\">nicolas.brunet@uoguelph.ca<\/a><br \/>\nProgram telephone: 519-824-4120 Ext. 54414<br \/>\nFax: 519-767-1692<br \/>\nWebsite: <a href=\"https:\/\/www.uoguelph.ca\/sedrd\/rural-planning-development\">https:\/\/www.uoguelph.ca\/sedrd\/rural-planning-development<\/a><\/p>\n<ul>\n<li>M.Sc. (Rural Planning &amp; Development) (1983-)<\/li>\n<\/ul>\n<hr \/>\n<h5>Universit\u00e9 Laval<\/h5>\n<p>\u00c9cole sup\u00e9rieure d\u2019am\u00e9nagement du territoire et de d\u00e9veloppement r\u00e9gional (\u00c9SAD)<br \/>\nFacult\u00e9 d\u2019am\u00e9nagement, d\u2019architecture, d\u2019art et de design<br \/>\nPavillon F\u00e9lix-Antoine-Savard, Bureau 1616<br \/>\nQu\u00e9bec QC G1V 0A6<\/p>\n<p>Claude Lavoie, Directeur, Directeur<br \/>\nEmail: <a href=\"mailto:claude.lavoie@esad.ulaval.ca\">claude.lavoie@esad.ulaval.ca<\/a><\/p>\n<p>Program telephone: 418-656-7685<br \/>\nFax: 418-656-2018<br \/>\nEmail: <a href=\"mailto:esad@esad.ulaval.ca\">esad@esad.ulaval.ca<\/a><br \/>\nWebsite:\u00a0<a href=\"http:\/\/www.esad.ulaval.ca\/\">www.esad.ulaval.ca\/<\/a><\/p>\n<ul>\n<li>Ma\u00eetrise en am\u00e9nagement du territoire et d\u00e9veloppement r\u00e9gional (1984-)<\/li>\n<\/ul>\n<hr \/>\n<h5>University of Manitoba<\/h5>\n<p>Department of City Planning<br \/>\nFaculty of Architecture<br \/>\n201 Russell Building<br \/>\nWinnipeg MB R3T 2N2<\/p>\n<p>Richard Milgrom, RPP, MCIP, Associate\u00a0Professor, Program Head<br \/>\nEmail:\u00a0<a href=\"mailto:richard.milgrom@umanitoba.ca\">richard.milgrom@umanitoba.ca<\/a><\/p>\n<p>Program telephone: 204-474-6578<br \/>\nFax: 204-474-7532<br \/>\nEmail: <a href=\"mailto:cityplanning@umanitoba.ca\">cityplanning@umanitoba.ca<\/a><br \/>\nWebsite:\u00a0<a href=\"http:\/\/umanitoba.ca\/cityplanning\/\">umanitoba\/cityplanning\/<\/a><\/p>\n<ul>\n<li>Master of City Planning (1952-)<\/li>\n<\/ul>\n<hr \/>\n<h5>McGill University<\/h5>\n<p>School of Urban Planning<br \/>\nMacdonald-Harrington Building<br \/>\n815 Sherbrooke Street West<br \/>\nMontr\u00e9al QC H3A 2K6<\/p>\n<p>Prof. <a href=\"https:\/\/www.mcgill.ca\/urbanplanning\/lisa-m-bornstein\">Lisa M. Bornstein<\/a>, Director<br \/>\nEmail: <a href=\"mailto:lisa.bornstein@mcgill.ca\">lisa.bornstein@mcgill.ca<\/a><\/p>\n<p>Program telephone: 514-398-4075<br \/>\nFax: 514-398-8376<br \/>\nEmail:\u00a0<a href=\"mailto:appinfo@urbarc.lan.mcgill.ca\">appinfo@urbarc.lan.mcgill.ca<\/a><br \/>\nWebsite:\u00a0<a href=\"http:\/\/www.mcgill.ca\/urbanplanning\">www.mcgill.ca\/urbanplanning<\/a><\/p>\n<ul>\n<li>Master of Urban Planning (1974-)<\/li>\n<\/ul>\n<hr \/>\n<h5>Universit\u00e9 Montr\u00e9al<\/h5>\n<p>\u00c9cole d\u2019urbanisme et d\u2019architecture de paysage, Facult\u00e9 d\u2019am\u00e9nagement<br \/>\nC.P. 6128, Succ. Centre-Ville<br \/>\nMontr\u00e9al QC H3C 3J7<\/p>\n<p><a href=\"mailto:p.negron-poblete@umontreal.ca\">Paula Negron-Poblete<\/a>, <em>Directrice<\/em><br \/>\nTel: 514 343-6111 #13247<br \/>\nEmail: <a href=\"mailto:p.negron-poblete@umontreal.ca\">p.negron-poblete@umontreal.ca<\/a><\/p>\n<p>Program telephone: 514-343-6164<br \/>\nFax: 514-343-2338<br \/>\nEmail:\u00a0<a href=\"mailto:urbaname@ame.umontreal.ca\">urbanisme@umontreal.ca<\/a><br \/>\nWebsite:\u00a0<a href=\"http:\/\/www.urb.umontreal.ca\/\">www.urb.umontreal.ca\/<\/a><\/p>\n<ul>\n<li>Ma\u00eetrise en urbanisme (1968-)<\/li>\n<li>Baccalaur\u00e9at \u00e8s-sciences sp\u00e9cialis\u00e9 en urbanisme (1984-)<\/li>\n<\/ul>\n<hr \/>\n<h5>University of Northern British Columbia<\/h5>\n<p>School of Environmental Planning<br \/>\n3333 University Way<br \/>\nPrince George BC V2N 4Z9<\/p>\n<p>Dr. Tara Lynne Clapp, Associate Professor and Chair<br \/>\nSchool of Environmental Planning<br \/>\nEmail: <a href=\"mailto:tara.clapp@unbc.ca\">tara.clapp@unbc.ca<\/a><\/p>\n<p>Chairs Telephone: 250-960-5359<\/p>\n<p>Program Administrative Assistant Telephone: 250-960-6173<br \/>\nProgram Telephone: 250-960-5359<br \/>\nFax: 250-960-6764<br \/>\nEmail: enpl@unbc.ca<br \/>\nWebsite<strong>:<\/strong>\u00a0<a title=\"http:\/\/www.unbc.ca\/planning\" href=\"http:\/\/www.unbc.ca\/planning\">www.unbc.ca\/planning<\/a><\/p>\n<ul>\n<li>BSc Environmental Studies (Planning) (1996-2004)<\/li>\n<li>Bachelor of Planning (2005 \u20132022)<\/li>\n<\/ul>\n<hr \/>\n<h5>Universit\u00e9 de Qu\u00e9bec a Montr\u00e9al<\/h5>\n<p>Module d\u2019urbanisme, C.P. 8888<br \/>\nMontr\u00e9al (Qu\u00e9bec) H3C 3P8<\/p>\n<p>Martin Drouin, Directeur<br \/>\nEmail: <a href=\"mailto:drouin.martin@uqam.ca\">drouin.martin@uqam.ca<\/a><\/p>\n<p>Program telephone: 514-987-3000, ext. 1313<br \/>\nFax: 514-987-4655<br \/>\nEmail:\u00a0<a href=\"mailto:progurb@er.uqam.ca\">progurb@er.uqam.ca<\/a><br \/>\nWebsite:\u00a0<a href=\"http:\/\/www.deut.esg.uqam.ca\/\">http:\/\/www.deut.esg.uqam.ca\/<\/a><\/p>\n<ul>\n<li>Baccalaur\u00e9at \u00e8s sciences sp\u00e9cialis\u00e9 en urbanisme (1984-)<\/li>\n<\/ul>\n<hr \/>\n<h5>Queen&#8217;s University<\/h5>\n<p>School of Urban &amp; Regional Planning<br \/>\nMackintosh-Corry Hall, Room E208<br \/>\nKingston, Ontario, Canada K7L 3N6<\/p>\n<p>Ajay Agarwal, PhD RPP MCIP, Director<br \/>\nEmail: <a href=\"mailto:ajay.agarwal@queensu.ca\">ajay.agarwal@queensu.ca<\/a><\/p>\n<p>Program telephone: 613-533-2188<br \/>\nFax: 613-545-6905<br \/>\nWebsite:\u00a0<a href=\"http:\/\/www.queensu.ca\/geographyandplanning\/surp\">http:\/\/www.queensu.ca\/surp<\/a><\/p>\n<ul>\n<li>Master of Urban &amp; Regional Planning (1973-)<\/li>\n<\/ul>\n<hr \/>\n<h5>Toronto Metropolitan University<\/h5>\n<p>School of Urban &amp; Regional Planning<br \/>\nToronto ON M5B 2K3<\/p>\n<p>Raktim Mitra, Director<br \/>\nEmail: <a href=\"mailto:raktim.mitra@torontomu.ca\">raktim.mitra@torontomu.ca<\/a><\/p>\n<p>Program telephone: 416-979-5165<br \/>\nFax: 416-979-5357<br \/>\nEmail: <a href=\"mailto:surp@torontomu.ca\">surp@torontomu.ca<\/a><br \/>\nWebsite: <a href=\"https:\/\/www.torontomu.ca\/school-of-urban-and-regional-planning\/\">https:\/\/www.torontomu.ca\/school-of-urban-and-regional-planning\/<\/a><\/p>\n<ul>\n<li>Bachelor of Applied Arts (Urban &amp; Regional Planning) (1973-)<\/li>\n<li>Bachelor of Urban and Regional Planning \u2013 Post Baccalaureate Degree Program (PLAB) (2005)<\/li>\n<li>Bachelor of Urban and Regional Planning \u2013 Degree Completion Program (PLAD) (2005)<\/li>\n<li>Master of Planning in Urban Development (MPl) (two- and one-year stream) (2009)<\/li>\n<\/ul>\n<hr \/>\n<h5>University of Saskatchewan<\/h5>\n<p>Department of Geography and Planning<br \/>\nRegional and Urban Planning Program<br \/>\n117 Science Place, Kirk Hall, Room 115<br \/>\nSaskatoon SK S7N 5C8<\/p>\n<p>Dr. Bob Patrick, RPP MCIP, Chair Regional and Urban Planning<br \/>\nEmail:\u00a0<a href=\"mailto:robert.patrick@usask.ca\">robert.patrick@usask.ca<\/a><\/p>\n<p>Program telephone: 306-966-5654<br \/>\nFax: 306-966-5680<br \/>\nWebsite: <a href=\"https:\/\/admissions.usask.ca\/regional-urban-planning.php\">https:\/\/admissions.usask.ca\/regional-urban-planning.php<\/a><\/p>\n<ul>\n<li>B.A. (Honours) in Regional and Urban Development (1968-)<\/li>\n<\/ul>\n<hr \/>\n<h5>Simon Fraser University<\/h5>\n<p>School of Resource and Environmental Management<br \/>\nResource &amp; Environmental Planning Program<br \/>\n8888 University Drive<br \/>\nBurnaby BC V5A 1S6<\/p>\n<p>Andr\u00e9anne Doyon PhD, Director<br \/>\nEmail: <a href=\"mailto:andreanne_doyon@sfu.ca\">andreanne_doyon@sfu.ca<\/a><\/p>\n<p>Program telephone: 778-782-4659<br \/>\nFax: 778-782-4968<br \/>\nWebsite: <a href=\"http:\/\/www.rem.sfu.ca\">www.rem.sfu.ca<\/a><\/p>\n<ul>\n<li>Master of Resource Management (Planning) (2004-2014)<\/li>\n<\/ul>\n<hr \/>\n<h5>University of Toronto<\/h5>\n<p>Program in Planning, Department of Geography<br \/>\n100 St. George Street<br \/>\nToronto ON M5S 1A1<\/p>\n<p>Katharine Rankin, Ph.D.\u00a0Director<br \/>\nEmail: <a href=\"mailto:rankin@geog.utoronto.ca\">rankin@geog.utoronto.ca<\/a><\/p>\n<p>Program telephone: 416-978-2935<br \/>\nFax: 416-946-3886<br \/>\nEmail:\u00a0<a href=\"mailto:planning@geog.utoronto.ca\">planning@geog.utoronto.ca<\/a><br \/>\nWebsite:\u00a0<a href=\"http:\/\/www.geog.utoronto.ca\/\">www.geog.utoronto.ca<\/a><\/p>\n<ul>\n<li>M.Sc. (Planning) (1963-)<\/li>\n<\/ul>\n<hr \/>\n<h5>University of Waterloo<\/h5>\n<p>School of Planning<br \/>\nFaculty of Environment<br \/>\nWaterloo ON N2L 3G1<\/p>\n<p>Mark Seasons\u00a0Ph.D. RPP, FCIP Director<br \/>\nEmail: <a href=\"mailto:mark.seasons@uwaterloo.ca\">mark.seasons@uwaterloo.ca<\/a><\/p>\n<p>Program telephone: 519-885-4567 ext 36564<br \/>\nFax: 519-725-2827<br \/>\nWebsite:\u00a0<a href=\"https:\/\/uwaterloo.ca\/planning\/\">https:\/\/uwaterloo.ca\/planning\/<\/a><\/p>\n<ul>\n<li>B.E.S. (Honours Co-operative Planning) (1968-)<\/li>\n<li>M.A. (Planning) (1968-)<\/li>\n<li>M.E.S. (Planning) (1968-)<\/li>\n<li>MPlan\u00a0(Planning) (2015-) *online<\/li>\n<li>GDip (Graduate Diploma in Planning) (2016 &#8211; ) *online<\/li>\n<li>Ph.D. (Planning) (1968-)<\/li>\n<\/ul>\n<hr \/>\n<h5>Vancouver Island University<\/h5>\n<p>Community Planning Department<br \/>\n900 Fifth Street<br \/>\nNanaimo, BC<br \/>\nV9R 5S5<\/p>\n<p>Pamela Shaw PhD MCIP RPP FRCGS, Director<br \/>\nEmail: \u00a0<a href=\"mailto:Pam.Shaw@viu.ca\">Pam.Shaw@viu.ca<\/a><\/p>\n<p>Telephone: 250.753.3245, Ext. 2620<br \/>\nToll-free: 1-888-920-2221<br \/>\nWebsite: <a href=\"https:\/\/socialsciences.viu.ca\/mcp\">https:\/\/socialsciences.viu.ca\/mcp<\/a><br \/>\nMaster of Community Planning<\/p>\n<hr \/>\n<h5>York University<\/h5>\n<p>Faculty of Environmental Studies<br \/>\n4700 Keele Street, HNES 137<br \/>\nToronto ON M3J 1P3<\/p>\n<p>Laura Taylor PhD RPP MCIP, Planning Program Coordinator<br \/>\nEmail: <a href=\"mailto:taylorl9@yorku.ca\">taylorl9@yorku.ca<\/a><\/p>\n<p>Program telephone: 416-736-5252<br \/>\nWebsite: <a href=\"http:\/\/fesplanning.apps01.yorku.ca\">http:\/\/fesplanning.apps01.yorku.ca<\/a><\/p>\n<ul>\n<li>Master in Environmental Studies (Planning) (1970-)<\/li>\n<\/ul>\n","protected":false},"excerpt":{"rendered":"<p>This page provides information about university planning programs. For specific information about accredited programs, please refer to the Professional Standards Board (PSB). University of Alberta Department of Earth and Atmospheric Sciences 1-26 Earth Sciences Building University of Alberta Edmonton, Alberta<\/p>\n","protected":false},"author":1,"featured_media":0,"parent":0,"menu_order":2,"comment_status":"closed","ping_status":"closed","template":"","meta":{"footnotes":""},"class_list":["post-10","page","type-page","status-publish","hentry"],"_links":{"self":[{"href":"https:\/\/cms.eas.ualberta.ca\/acupp\/wp-json\/wp\/v2\/pages\/10","targetHints":{"allow":["GET"]}}],"collection":[{"href":"https:\/\/cms.eas.ualberta.ca\/acupp\/wp-json\/wp\/v2\/pages"}],"about":[{"href":"https:\/\/cms.eas.ualberta.ca\/acupp\/wp-json\/wp\/v2\/types\/page"}],"author":[{"embeddable":true,"href":"https:\/\/cms.eas.ualberta.ca\/acupp\/wp-json\/wp\/v2\/users\/1"}],"replies":[{"embeddable":true,"href":"https:\/\/cms.eas.ualberta.ca\/acupp\/wp-json\/wp\/v2\/comments?post=10"}],"version-history":[{"count":14,"href":"https:\/\/cms.eas.ualberta.ca\/acupp\/wp-json\/wp\/v2\/pages\/10\/revisions"}],"predecessor-version":[{"id":83,"href":"https:\/\/cms.eas.ualberta.ca\/acupp\/wp-json\/wp\/v2\/pages\/10\/revisions\/83"}],"wp:attachment":[{"href":"https:\/\/cms.eas.ualberta.ca\/acupp\/wp-json\/wp\/v2\/media?parent=10"}],"curies":[{"name":"wp","href":"https:\/\/api.w.org\/{rel}","templated":true}]}}